ctors of v(b)?
3
Suppose 2*j + a = 6*a + 5, -2*a = j + 11. What are the prime factors of (2 - -7) + 4 + j?
2
Let n = 32 - 9. Let s = n + -12. List the prime factors of s.
11
Let d(o) = 220*o**2 + 2*o - 2. What are the prime factors of d(1)?
2, 5, 11
Suppose -5*w + 6*l + 2 = 4*l, -3*w + 5*l = 14. Suppose s - w*s = -5. Suppose s*f - v = 2*v + 22, -8 = -2*f + v. List the prime factors of f.
2
Let o = -3 + -3. What are the prime factors of (-8)/o*(-6)/(-4)?
2
Suppose 0*l - 9 = -l. Suppose -8 - l = -x. List the prime factors of x.
17
Suppose 2*q + 5*p = -7 + 38, p = 5*q - 10. Suppose -6*l + 51 = 3*m - 11*l, -q*m = 3*l - 27. List the prime factors of m.
2, 3
Let g(k) = k**2 - 3*k + 2. Let u(w) = -w**3 + 4*w**2 + 8*w - 6. Let r be u(5). Let d = r - 5. What are the prime factors of g(d)?
2, 3
Suppose 4 = -z, -5*q + 4*z + 20 + 826 = 0. List the prime factors of q.
2, 83
Let o(q) = 2*q - 7. Let i be o(6). Suppose 4*y + 2*c = -12, -i*y = 4*c + 17 + 1. What are the prime factors of (5 + y)/(6/20)?
2, 5
Let u(k) = 17*k**2 + 5*k - 2. List the prime factors of u(-3).
2, 17
Suppose 3*n - 290 + 77 = 0. What are the prime factors of n?
71
Let s(o) = 2*o**2 + o + 6. List the prime factors of s(6).
2, 3, 7
List the prime factors of 65*(0 + 3/5).
3, 13
Suppose 8*k - 9*k = -5. Let g(y) = y**3 - 5*y**2 + 4*y - 5. List the prime factors of g(k).
3, 5
Suppose 3*v - 19 - 20 = 0. List the prime factors of v + 0/(-3) - -3.
2
Let i(l) = -28*l - 8. List the prime factors of i(-4).
2, 13
Let c(b) = -b**3 + 15*b**2 + 5*b - 12. What are the prime factors of c(15)?
3, 7
Let s = 35 + -31. What are the prime factors of s?
2
Let j be (-3)/(-1) + (-3 - -3). Suppose 4*v + 0*w - w = 24, -5*w - 5 = j*v. What are the prime factors of v?
5
Suppose -u = -2*q + 2*u + 16, 0 = 3*q + u - 2. What are the prime factors of 14*((-3)/q - -2)?
7
Let b(h) = h**2 - 2*h + 2. Let a be b(3). Suppose -y + 203 = 5*d, 0 = -8*d + 3*d - a*y + 195. Let c = d + -29. List the prime factors of c.
2, 3
List the prime factors of -5*(3 - (-416)/(-20)).
89
Let i(h) = h**2 + 4*h + 13. List the prime factors of i(-11).
2, 3, 5
Let s(q) = -q**3 - 5*q**2 + 7*q - 1. Let k be s(-6). Let d be k/14 - (-34)/(-4). Let x(i) = -2*i - 13. What are the prime factors of x(d)?
5
Suppose -11*a - 156 = -13*a. List the prime factors of a.
2, 3, 13
Let a be (-20)/(7/((-609)/(-6))). What are the prime factors of 27/36 + a/(-8)?
37
Let x = -11 - -43. Suppose o = -0*o + x. Suppose 23 + o = 5*r. List the prime factors of r.
11
Suppose -2*r + 0*j + 388 = 2*j, j - 385 = -2*r. What are the prime factors of r?
191
Suppose 5*t - 35 = 5*j, 3*j - 7*j - 1 = 5*t. What are the prime factors of t?
3
Let p(s) be the first derivative of -3 + 1/2*s**2 + s + 4*s**3. What are the prime factors of p(-1)?
2, 3
Let z = 13 + -5. What are the prime factors of z*2/(-4)*-2?
2
What are the prime factors of ((-51)/(-2))/(-5 + 63/12)?
2, 3, 17
Suppose 0 = -5*t - 77 + 232. Let s = 27 - 20. Suppose -3*p + 4*g = -t, -2*p + s*p - 48 = 3*g. What are the prime factors of p?
3
Let i(k) = -2*k - 9. What are the prime factors of i(-7)?
5
Suppose -i = -4*i - 9. What are the prime factors of (-4 + -2)/(3/i)?
2, 3
Suppose -5*j = 7*x - 3*x - 20, 20 = -x + 5*j. Suppose x*o = -o + 18. List the prime factors of o.
2, 3
Suppose 13 = -u - 2*m, 4*m = 3*u - m + 39. Let l = -8 - u. What are the prime factors of l?
5
Suppose 8*l - 3*n - 18 = 5*l, -l + 4*n - 3 = 0. What are the prime factors of l?
3
Let i(q) = -q**3 - 18*q**2 + q + 26. What are the prime factors of i(-18)?
2
Let m = -88 + 164. What are the prime factors of m?
2, 19
Suppose -5*f - 2*n - 30 = 0, 0 = -f + 2*n - n + 1. Let y(d) = -3*d - 3. Let r(t) = 2*t + 3. Let z(s) = 2*r(s) + 3*y(s). What are the prime factors of z(f)?
17
Let z be (-15)/(-5) + -1*1. Suppose 48 = z*s + s. What are the prime factors of s?
2
Suppose c + 38 = 3*c. Suppose 5*x + c = 59. Let f(s) = -s + 17. List the prime factors of f(x).
3
What are the prime factors of 2892/30 - (-4)/(-10)?
2, 3
Suppose -5*d - 59 - 46 = 0. Let i be (-1 - d/15)*5. List the prime factors of (-3)/(2 - 7/i).
2
Suppose 0 = 3*v + 12, v - 10 = -5*s + 1. Suppose -4*x - 10 = c, x - 10 = -s*c - 3*x. Suppose -z + c = 4*t, 3*t + 40 = 4*z - t. What are the prime factors of z?
2, 5
Let c(w) = -w**3 + 2*w**2 - 2*w + 1. Let p be c(2). Let z(x) = -x**3 - 4*x**2 - 5*x - 4. List the prime factors of z(p).
2
Suppose 8*l - 3*l - 2*c = 310, 3*l = 2*c + 186. What are the prime factors of l?
2, 31
Let b(v) = v**3 - 10*v**2 + 12*v + 3. Let a be b(9). Suppose -2*u = u - a. List the prime factors of u.
2, 5
Let n be (-9)/12 + (-69)/(-12). Suppose y - 5*z + n + 8 = 0, 0 = -4*z + 12. What are the prime factors of y - (-3 - -4 - 4)?
5
Suppose -4*j + 0*g + g + 118 = 0, -92 = -3*j - g. List the prime factors of j.
2, 3, 5
Suppose 0 = 9*x - 4*x - 5, x = 3*y - 476. What are the prime factors of y?
3, 53
Suppose 9 = 3*r - 3*a, 0*r - 4*r = 2*a - 6. Suppose z - 30 = -2*q, -3*q + q + 30 = -r*z. List the prime factors of (q/3)/(-1 - -2).
5
Let j(p) = p**3 - 6*p**2 + 6*p - 9. Let g be j(6). Suppose 4*z - 3*z - 15 = 0. Let b = g - z. List the prime factors of b.
2, 3
Let v(p) = p**2 + 5*p + 3. Let a be v(-5). Suppose -13 = 3*i - 5*i - 5*u, -a*u = -i + 1. What are the prime factors of i?
2
Suppose 4*y - 65 - 11 = 0. List the prime factors of 4 + -6 + y*1.
17
Let v = 50 + -25. Suppose 2*h + 5 = v. What are the prime factors of h?
2, 5
Let x = 3 - -2. Suppose c - 2*c - 46 = -5*j, 3*c + 38 = -x*j. What are the prime factors of 9/(-2 + c/(-6))?
2, 3
Suppose 3*g - 2*g - 5*d - 20 = 0, 0 = -2*g - 2*d + 4. Let v(p) = p**3 + 7*p**2 - 13*p**2 + 0 + 6*p - 2 - 1. List the prime factors of v(g).
2
Suppose -531 = -7*p - 2*p. List the prime factors of p.
59
Suppose 2*d - 3*d = -2. Suppose 3*p = 4*o + 44, -d*p - o + 29 = 7. List the prime factors of p.
2, 3
Let x(t) = -t**3 + 9*t**2 - 6*t + 10. List the prime factors of x(7).
2, 3, 11
Suppose -c + 5*c = l + 286, 5*c = 4*l + 363. What are the prime factors of c?
71
Let v(t) = -12*t - 17. List the prime factors of v(-17).
11, 17
List the prime factors of ((-12)/5)/(15/(-350)).
2, 7
Let c be -83 + (-3 - -6) + 2. List the prime factors of (-8)/6*c/4.
2, 13
Let m(j) = 4*j - 3*j - 10 + 0 - 5*j. List the prime factors of m(-7).
2, 3
Suppose z + 4*m - 24 = -z, -3*m = -12. List the prime factors of 39/4 - (-1)/z.
2, 5
Suppose 5*q - 31 - 27 = -2*f, 9 = q + 3*f. Suppose 100 - q = 4*o. List the prime factors of o.
2, 11
Let j(c) = c**2 - 5*c + 3. Let l be j(4). List the prime factors of l*(1 + -12 - 2).
13
Let t(u) = -u**3 - 9*u**2 + 11*u + 12. Let h be t(-10). Let p = -4 - -6. Suppose h*i = -v + 3*i + 5, 0 = -p*v - 4*i + 22. What are the prime factors of v?
7
Suppose 2*o - 2*i = -38, 2*o - 3*i - 51 = 5*o. List the prime factors of o/(-5) - (-2)/5.
2
Suppose -2*f = x - 12, -20 = -5*f + 3*f - 5*x. Suppose -f*o - a = -0*o - 52, 5*a = -15. List the prime factors of o.
11
Let c = 8 - 8. Suppose c = 5*y + t - 121 - 24, -4*t = 20. Let k = y + -14. List the prime factors of k.
2
Let f be ((-176)/55)/((-4)/10). Let z = 25 - f. What are the prime factors of z?
17
Let f(y) = -10*y - 1. Let g(l) = -6*l - 1. Let w be g(-2). Suppose -15 = 3*d + 4*j, d - 6*d - w = 2*j. List the prime factors of f(d).
3
Suppose 5*y = 28 + 7. Let w = 20 - y. List the prime factors of w.
13
Let m = 21 - 35. What are the prime factors of (-35)/m*16/10?
2
Let d = 1 - 9. Let x(y) = y**3 + 7*y**2 - 6*y + 5. Let a be x(d). Let k = 23 + a. What are the prime factors of k?
2, 3
Let z = 1 + 1. Suppose 0 = z*q + 6. List the prime factors of (2/4)/(q/(-66)).
11
Suppose 0 = d + k - 233, -4*k = -7*d + 2*d + 1147. What are the prime factors of d?
3, 7, 11
Let r(b) be the third derivative of b**6/120 + 7*b**5/60 + b**4/3 + 2*b**3/3 + 2*b**2. What are the prime factors of r(-5)?
2, 7
Let h = -72 + 101. List the prime factors of h.
29
Let n be ((-3)/6)/((-3)/12). Suppose n*d = 5*d - 33. List the prime factors of d.
11
Let d(k) = -2 + k**2 + 7*k - 2*k**2 - k**2 + 4*k**2. What are the prime factors of d(-6)?
2, 7
Let w = 3 - 9. What are the prime factors of ((-4)/w)/((-5)/(-105))?
2, 7
Let i = 18 - 41. Let r(a) = 3*a + 2. Let u be r(-5). Let x = u - i. What are the prime factors of x?
2, 5
Let t(b) = -4*b**3 + 4*b**2 + 5*b + 4. What are th